-4*p + 9. Let d = -8 + p. Let r = 35 - d. What is the units digit of r?
3
Suppose 0 = -5*x + 4847 + 4008. What is the tens digit of x?
7
Let c(o) = -o**3 - 10*o**2 - 4*o - 10. Let v be c(-10). Suppose 0*z - h = -2*z + v, 4*z = -3*h + 60. What is the tens digit of -7 + 6 + -2 + z?
1
Let m = 51 + 181. What is the hundreds digit of m?
2
Let g = -37 + 59. Let n = 316 - 270. Suppose 4*u - n = g. What is the units digit of u?
7
What is the tens digit of (-1 - 0)/((-14)/7826)?
5
Let k = -137 - -203. Suppose -2*j - 3*q = -0*j - k, 5*j - 165 = -4*q. Suppose 5*v - j - 187 = 0. What is the tens digit of v?
4
Let b = 1585 + -1046. What is the hundreds digit of b?
5
Let z be (-2 + (-10)/(-5))/(-1). Let i(u) = 3*u - 3. Let t be i(5). Suppose t = -3*a - a, y - 5*a - 32 = z. What is the tens digit of y?
1
Suppose -60 = -3*z - 51. Suppose -z*x = -2*j + 4 - 55, -j = -4*x + 68. What is the tens digit of x?
1
Let h be 4*(-3)/(12/16). What is the units digit of h/(-5)*60/8?
4
Suppose 4690 = 3*v - y, 8 = 2*y - 2. What is the thousands digit of v?
1
Let v(p) = p**2 + 3*p - 16. Let l be v(-6). Suppose 0 = l*q - 163 + 53. What is the tens digit of q?
5
Let j(z) = z + 7. Let m be j(5). Let s = -12 + m. Suppose -2*k + 54 = -2*r, s = 5*k - 2*r - r - 129. What is the units digit of k?
4
Let n be 5*((-12)/(-20))/1. Suppose 0 = -n*q - 3*s + 90, 4*q - 5*s - 101 + 8 = 0. Suppose q = p - 5. What is the tens digit of p?
3
Let d = -256 - -592. What is the units digit of d?
6
Let h(m) = m**3 + 15*m**2 - 6*m + 2. Let v be h(-15). Suppose 3*c + c = v. What is the tens digit of c?
2
Let f(p) = -6*p**3 + 3*p**2 - 61 + 26 - 3*p + 22. What is the units digit of f(-3)?
5
Let b(u) = -5*u - 7. Let f be b(-4). Suppose -p + 4 + f = 0. What is the units digit of p?
7
Suppose 0 = -3*m + c + 2*c + 834, 6 = 3*c. Let r = 48 - -56. Suppose 8*t - m = r. What is the tens digit of t?
4
Let y(w) = 2*w + 45. Let l be y(-20). Suppose l*q - 235 = -45. What is the units digit of q?
8
Let i(m) = -6*m**2 + 3*m - 2. Let k be i(3). Let n = -11 - k. What is the units digit of n?
6
Suppose f = 6*f + 255. Let y = f - -64. What is the tens digit of y?
1
Suppose -9*k + 1275 = -4*k. Suppose 5*l + 113 = 2*q - 4, -4*q + 3*l = -k. What is the units digit of q?
6
Let h(r) = -13*r**3 + 1. Let z be h(2). Let x = z + 134. What is the units digit of x?
1
Let t(u) = 2*u - 26. Let p be t(-11). Let g = -27 - p. What is the units digit of g?
1
Suppose 3*p - 2*p - 5 = 0, -28 = -4*h + 4*p. Let x = h + -9. Let b = 22 - x. What is the tens digit of b?
1
Suppose y + w - 706 - 415 = 0, 2*w = 2*y - 2246. What is the tens digit of y?
2
Suppose -4*y + 3*r = -15, -3*r + 8*r = 2*y + 3. What is the tens digit of (-33)/y*18/(-3)?
3
Let v(s) = -s**3 - 17*s**2 + 6*s - 19. Let z(l) = 2*l**3 + 34*l**2 - 13*l + 39. Let i(h) = 11*v(h) + 6*z(h). What is the hundreds digit of i(-17)?
2
Let h(j) = 4*j + 1 - 3*j + j**2 + 3*j**2 - 5*j. Suppose 0*u = 4*u - 12. What is the units digit of h(u)?
5
Let i = -56 - -44. What is the tens digit of ((-549)/(-54))/((-2)/i)?
6
What is the thousands digit of (23485/22 + 1/2)*2?
2
Suppose -2*j - 2*s + 10 = 0, -3*s + 15 = 6. What is the units digit of (-39)/j*20/(-6)?
5
Suppose 4*d - k = -2*k + 1613, 1204 = 3*d - 5*k. What is the hundreds digit of d?
4
Let l(w) = 12*w**2 - 15*w + 47. What is the hundreds digit of l(8)?
6
Suppose 7*n = 2*n + 30. What is the units digit of 17 - 2 - (n + -6)?
5
Let x be 1 - 4 - 0 - -2. Let k = -4 - -5. What is the units digit of (k*x)/(10/(-120))?
2
Let r = -17 + 37. Let f = -305 - -354. Let x = f - r. What is the tens digit of x?
2
Suppose 2*t - 3*i = 2, t - 8 = -3*i + i. Let q be (-4)/(t/8*-4). Suppose -k - q + 26 = 0. What is the units digit of k?
4
Suppose -4*f + 3*f = -35. Suppose -5*m = -4*c + f, -5*m + 3*c = c + 25. What is the units digit of 30/(1 + m - -3)?
0
What is the tens digit of -58*((-45)/40)/((-15)/(-20))?
8
Let c(q) = -3 - 4*q + 3 - 2 - q**2 - 7*q. Let s = 18 - 25. What is the tens digit of c(s)?
2
Suppose -24*f + 1484 = -22*f. Suppose -5*n + 4*g + f = 0, 3*n - 2*g - 49 - 397 = 0. What is the units digit of n?
0
Let n(a) = 2*a**3 - 3*a**2 + a - 1. Let p be n(2). Suppose 640 = p*t + 3*t. What is the tens digit of t?
8
Let j = 3234 - 329. What is the units digit of j?
5
Suppose -5*s - 4*b = -0*b - 2538, s + 2*b - 510 = 0. What is the units digit of s?
6
Suppose -2*b - 4*a = -555 - 893, -5*b + 3627 = 3*a. What is the hundreds digit of b?
7
Suppose 4*m = 5*o - 987 + 2655, -2*m + 834 = 3*o. What is the tens digit of m?
1
Suppose 4*z + 32 = -28. Let q be ((-248)/(-5))/((-6)/z). Let a = q - 82. What is the tens digit of a?
4
Suppose 114 = 3*m - 201. What is the tens digit of 36/21*m/6?
3
Let m = 252 + -26. Suppose -b = q - m, -4*q + 427 = 2*b - 7*q. What is the hundreds digit of b?
2
What is the thousands digit of 9*1*7/((-14)/(-282))?
1
Let t(v) = -v**3 + 15*v**2 + v - 13. Let q be t(15). What is the tens digit of (q/(-3))/(10/(-3975))?
6
Let s(l) = l - 10. Suppose 5*t - 62 = -3*d, 60 - 3 = 4*t - 5*d. Let j be s(t). What is the units digit of 1/j + 11/3?
4
Let t = 458 + 316. What is the tens digit of t?
7
Suppose d - 6 = -1. Suppose -5 = d*v - 3*j, 0*j = -v + j - 3. Suppose -18 = -q - 0*y + 4*y, -68 = -5*q - v*y. What is the tens digit of q?
1
Suppose -c + 5*v - 5 = -6*c, -2*c = -2*v - 14. Suppose 5*u + 0*u - l = 35, 2*u - c*l + 4 = 0. Suppose u = -3*o + 7*o. What is the units digit of o?
2
Suppose -3*m - 3*m - 6 = 0. What is the units digit of (m + -1)*1806/(-12) + -3?
8
Suppose -8 + 28 = 5*a. What is the tens digit of 441/a + (-1)/4?
1
What is the hundreds digit of 6/27 + (-50656)/(-144)?
3
Let y(f) = -f**2 - 13*f - 22. Let h be y(-16). Let t = -171 - h. What is the tens digit of 13/(-52) + t/(-4)?
2
Suppose 3*a = 3*o - 6951, 0 = 383*o - 381*o + a - 4646. What is the tens digit of o?
2
Suppose -4*d + w + 11 + 1 = 0, 5*d - 5*w = 0. Suppose d*i + 49 = p, -2*p - 2*i - i + 153 = 0. What is the tens digit of p?
6
Let x = -1800 - -3760. What is the units digit of x?
0
Let h(n) = n**2 - 9*n + 12. Let u be h(10). Let g = 70 - u. What is the units digit of g?
8
Let g be (-292)/(-24) - 2/12. Let l = g - 10. What is the tens digit of l/(-9) - (-1740)/54?
3
Let f(k) = 144*k - 28. What is the hundreds digit of f(5)?
6
What is the hundreds digit of (-3 - 152/(-48))*1626?
2
Let s be 5 - (1 + 1) - 5703. Let t be 1/7 + s/(-84). Suppose -5*a + 57 = -t. What is the tens digit of a?
2
Let j(c) be the first derivative of 2*c**3/3 - c**2/2 + 8*c - 32. What is the tens digit of j(-4)?
4
Let w(q) be the first derivative of q**4/4 + 5*q**3 + 15*q**2/2 + 23*q + 28. What is the units digit of w(-14)?
9
Let q(t) be the second derivative of -t**5/12 + t**4/6 + 2*t**3 + 8*t. Let l(j) be the second derivative of q(j). What is the tens digit of l(-2)?
2
Suppose 658 = 3*w - 5*i, 36*w = 32*w + 3*i + 892. What is the tens digit of w?
2
Suppose -2*g + 1500 = 4*z, -4*g - 4*z + 2996 = -0*g. Suppose -7*x + g = -610. What is the tens digit of x?
9
Let g be -19*(2 + -2 + 1). Let u = g + 23. Suppose u*s - 10 = 3*s. What is the tens digit of s?
1
Let w be 1 + -1 - (3 + 2). Let x = 1 - w. Suppose 5*n - f - 13 - 19 = 0, -3*f = x. What is the units digit of n?
6
Suppose 3*w = 4*h - 9, -w = 3 - 4. Suppose t = -4*k + 32, 2*k - h*k - 162 = -4*t. What is the units digit of t?
0
What is the units digit of (-6)/21 - (-6852)/21?
6
What is the hundreds digit of (-2650)/(-13) + 70/455?
2
Let i(h) = -13*h**3 + 5*h**2 + 20*h - 8. What is the tens digit of i(-6)?
6
Let u = 1023 + 393. What is the thousands digit of u?
1
Suppose 0*g = 4*g. Suppose -3*y = -2*j - 6*y + 44, g = 2*j - y - 28. Suppose 3*x + 19 = 2*b, -14 = -3*b + 4*x + j. What is the units digit of b?
4
Suppose -z = 2*s - 155, 2*z - 112 = -2*s + 42. Let g = s + 40. What is the tens digit of g?
1
Let z(r) = 13*r**2 + 22*r + 256. What is the units digit of z(-9)?
1
Let n = -193 - -26. Let v = n - -477. What is the hundreds digit of v?
3
Let d(o) = -425*o. Let c(m) = 25*m. Let l(k) = 105*c(k) + 6*d(k). What is the units digit of l(1)?
5
Let w = 346 - 355. Let f(l) = 4*l**2 - 11*l - 12. Let g(n) = -3*n**2 + 10*n + 12. Let t(k) = 4*f(k) + 5*g(k). What is the units digit of t(w)?
9
Let g = 4430 - 2426. What is the thousands digit of g?
2
Let x(p) = -12*p + 24. Let u =